ca
In base 13, what is 25b0c85c + -5?
25b0c857
In base 11, what is 45 + 30a2?
3137
In base 15, what is -56c39d84 - -2?
-56c39d82
In base 7, what is 10 - 636156?
-636146
In base 10, what is 21689388 + -5?
21689383
In base 8, what is -153 - -4160533?
4160360
In base 5, what is 2214230324 - -10?
2214230334
In base 9, what is 206 - -271866?
272173
In base 3, what is -222001 - 12200212221?
-12201211222
In base 15, what is -1605e1 + 26?
-1605ba
In base 11, what is -12726 - 16?
-12741
In base 11, what is -136a71a + 1?
-136a719
In base 5, what is 3023 - -323443241?
324001314
In base 13, what is 5165 - -38a8?
8a40
In base 8, what is 6111 + 3113?
11224
In base 12, what is -3677a - 307?
-36a85
In base 15, what is -9d6 + 17d4?
ced
In base 9, what is 2 + 4802078?
4802081
In base 3, what is -1122002111 - 111000?
-1122120111
In base 12, what is 584 + -4170?
-37a8
In base 4, what is 223220 - 10203?
213011
In base 9, what is -583445 + 51?
-583384
In base 13, what is -20c + 5ab8?
58a9
In base 8, what is 101 + -6021672?
-6021571
In base 7, what is 23 - 1144451?
-1144425
In base 14, what is -7a38 + -19c?
-7bd6
In base 16, what is -6be + -c617?
-ccd5
In base 13, what is -10 - 1788466?
-1788476
In base 12, what is 152b1 + 45?
15336
In base 11, what is -10363 + 202?
-10161
In base 4, what is -10300 + -110213303?
-110230203
In base 16, what is -459b6e + -1?
-459b6f
In base 3, what is 20 - -111002211120201?
111002211120221
In base 15, what is -4379 - -117?
-4262
In base 7, what is 31 + -3632465?
-3632434
In base 16, what is -23 - e2d5c2?
-e2d5e5
In base 8, what is 716 + -660354?
-657436
In base 13, what is 7143846 + 2?
7143848
In base 14, what is 6a8 - -12?
6ba
In base 9, what is 33768 + 514?
34383
In base 2, what is -1111 + 111010101010100001?
111010101010010010
In base 7, what is -556414643 + 10?
-556414633
In base 16, what is 1e - -10356a?
103588
In base 10, what is -832616 + 126?
-832490
In base 15, what is -5 - -30d10d4?
30d10ce
In base 3, what is 20 + 211121102221011?
211121102221101
In base 5, what is 3 + -22222044200?
-22222044142
In base 2, what is 10010100111101111100 - -1011?
10010100111110000111
In base 8, what is 3 - -22275200?
22275203
In base 7, what is 101 - -120335?
120436
In base 2, what is 110110 + -100110111101111111110?
-100110111101111001000
In base 14, what is 95037 - 166?
94cb1
In base 6, what is 542 + 130133350?
130134332
In base 7, what is 1354233 - -32?
1354265
In base 15, what is -25e9833 - 1?
-25e9834
In base 11, what is -9993549 - 11?
-999355a
In base 14, what is -2a59 + -23?
-2a7c
In base 4, what is 22012203231221 - 11?
22012203231210
In base 9, what is -10134640 - 0?
-10134640
In base 8, what is -7 + 2433477?
2433470
In base 3, what is 10101202111 + -120002?
10101012102
In base 8, what is 47 + -2051160?
-2051111
In base 11, what is -3 + 5648093?
5648090
In base 10, what is 454613 + 13?
454626
In base 14, what is -3b739 - -a81?
-3aa98
In base 5, what is -1023001 - -2110?
-1020341
In base 13, what is -2 + -2529892?
-2529894
In base 2, what is 11011011110111010001010 - 10?
11011011110111010001000
In base 5, what is 2024210 + -14002?
2010203
In base 8, what is -562144254 - 4?
-562144260
In base 10, what is 3277693 + -2?
3277691
In base 14, what is 1 - -24a0079?
24a007a
In base 16, what is a4 - 5ebe?
-5e1a
In base 3, what is -2110102111010 + -1120?
-2110102112200
In base 14, what is -5 + 162d1b4?
162d1ad
In base 13, what is -34c3 - -479c?
12a9
In base 7, what is -221 + -13336320?
-13336541
In base 13, what is -1a834948 - -1?
-1a834947
In base 12, what is -46b79 + -2b?
-46ba8
In base 2, what is -10100010000 - -111000000000110111?
110111101100100111
In base 9, what is -75477 - -2817?
-72560
In base 12, what is -24a751 + 10?
-24a741
In base 5, what is 401413 + -1?
401412
In base 11, what is -246316 - -2?
-246314
In base 7, what is -130451101 - -165?
-130450603
In base 11, what is 3 - 351186?
-351183
In base 4, what is -3 + -2331221102312?
-2331221102321
In base 11, what is -24907 + 5947?
-19a70
In base 10, what is -26 + 5931293?
5931267
In base 8, what is -1424 + -17027?
-20453
In base 5, what is 21331 - -1303241?
1330122
In base 9, what is 0 + 3726323?
3726323
In base 2, what is 10001110110011110110110100000 + 10?
10001110110011110110110100010
In base 9, what is -5 + 1370815?
1370810
In base 9, what is 133035677 - -5?
133035683
In base 15, what is -77d207d - -11?
-77d206c
In base 4, what is -10322132 + -120332003?
-131320201
In base 10, what is -286368 - -516?
-285852
In base 10, what is -29940 + -120?
-30060
In base 9, what is 366210 - -34?
366244
In base 14, what is -4 - d952513?
-d952517
In base 15, what is 12 + -23d894d?
-23d893b
In base 2, what is 10000 + 111011010111110111?
111011011000000111
In base 15, what is 2 + c0920ee?
c092101
In base 6, what is 555050324 + 0?
555050324
In base 12, what is -213 - -470b?
44b8
In base 9, what is 282 - -2016087?
2016380
In base 6, what is -4113325435 + -1?
-4113325440
In base 14, what is c0cb + -13?
c0b8
In base 6, what is -35524544 - 233?
-35525221
In base 3, what is -222222202110220 + -10?
-222222202111000
In base 2, what is -1000100111011 - -100101101?
-1000000001110
In base 14, what is -42 + -26ad79?
-26adbb
In base 13, what is 4 + -395643?
-39563c
In base 15, what is 1be1108d + -4?
1be11089
In base 4, what is 10113213 + -321?
10112232
In base 5, what is 1 + -3331133132?
-3331133131
In base 10, what is 111 + -76629?
-76518
In base 4, what is 202 + -23312233100?
-23312232232
In base 2, what is 10000000111000100101010111 - -1?
10000000111000100101011000
In base 14, what is -2 + -99809?
-9980b
In base 9, what is -5583 - -1011?
-4572
In base 14, what is 39 + b2c9b?
b2cd6
In base 7, what is 3606362 + 122?
3606514
In base 9, what is 84 - 51067?
-50873
In base 12, what is -3 - -777763?
777760
In base 8, what is -150 - 10703666?
-10704036
In base 8, what is -17616720 - 6?
-17616726
In base 2, what is -100110110 - 1001010000000000?
-1001010100110110
In base 6, what is 2 + -112053525?
-112053523
In base 15, what is -96cb6 + -ee?
-96db5
In base 8, what is 16 - -6441231?
6441247
In base 15, what is 3a4 - 130cb?
-12c27
In base 4, what is 1313120002 + 300?
1313120302
In base 5, what is -1320400 + -4040?
-1324440
In base 10, what is 678937 - -35?
678972
In base 9, what is -31841177 - 24?
-31841212
In base 12, what is -31372b3a + 1?
-31372b39
In base 7, what is 115 - -4615410?
4615525
In base 11, what is -42 - 2115418?
-211545a
In base 10, what is 5784112 - -30?
5784142
In base 16, what is -1fc9 - 22d?
-21f6
In base 3, what is 202122121200100 - 10?
202122121200020
In base 16, what is 1d + -4df4d?
-4df30
In base 15, what is 347bed6 - -2?
347bed8
In base 7, what is -3141 - -34326?
31155
In base 16, what is 19a7 + 3b4?
1d5b
In base 10, what is 50448 - 4?
50444
In base 10, what is -607 + 7843?
7236
In base 10, what is -596 + -40247?
-40843
In base 4, what is 11102230000 - -21?
11102230021
In base 15, what is -10ea207 - -2?
-10ea205
In base 10, what is 1 + -998076?
-998075
In base 11, what is -19810a97 + 27?
-19810a70
In base 11, what is 5 - 976a900?
-976a8a6
In base 11, what is -423 + -3aa48a?
-3aa902
In base 12, what is -122988 - 220?
-122ba8
In base 13, what is -2489 - -896b?
64b2
In base 13, what is 4 + 55cc543?
55cc547
In base 10, what is -204 + 52102?
51898
In base 5, what is -111401210223 - 10?
-111401210233
In base 3, what is -10 + 2000220221200?
2000220221120
In base 15, what is -1 - -121e6db2?
121e6db1
In base 2, what is 1001110111110 + 1000010011010111?
1001100010010101
In base 2, what is -100 - 11000010111110100111?
-11000010111110101011
In base 16, what is 112907 - -ef?
1129f6
In base 4, what is -10023301113 - 11310?
-10023313023
In base 12, what is 47 - -1aa6b80?
1aa7007
In base 10, what is 11909350 - 4?
11909346
In base 7, what is -61 - 1265350?
-1265441
In base 4, what is -112320330100 + 321?
-112320323113
In base 14, what is -1ddd1 + -24?
-20015
In base 5, what is 321041202323 - 10?
321041202313
In base 10, what is 420370 - 2?
420368
In base 3, what is 0 + 1200001002000000?
1200001002000000
In base 9, what is -10 - -757602?
757582
In base 9, what is -74641152 + -3?
-74641155
In base 7, what is -62055 - 133304?
-225362
In base 2, what is -100101 - -1000000101101111000?
1000000101101010011
In base 